241 + -191. Suppose -n*d + 5936 = -43*d. List the prime factors of d.
2, 53
Let k(n) = 4*n**2 - 16*n - 1. Let t(l) = 2*l**2 - 7*l - 1. Let r(q) = 6*k(q) - 11*t(q). What are the prime factors of r(11)?
2, 19
Let i = -630 + 632. List the prime factors of 506/14 - i - (-2)/(-14).
2, 17
Let r = -116 + 204. Suppose -4*c + 6 = v, 5*v + 3*c - r - 10 = 0. What are the prime factors of (-4)/v + (-14183)/(-143)?
3, 11
Let t be 152/(-16) + 9/6. List the prime factors of (-167)/(-1 + t/(-12)).
3, 167
Suppose 127582 = -26*b + 169796 + 177538. What are the prime factors of b?
2, 2113
Let t(h) = h**2 - 3*h - 1. Let w(c) = -3*c - 23. Let z be w(-9). Let q be t(z). Suppose -g - q*y = y - 151, 5*g - y - 671 = 0. What are the prime factors of g?
3, 5
Let n = 242 + -364. Let q be ((-4)/6)/(1/60). Let d = q - n. List the prime factors of d.
2, 41
Suppose m = -5*z + 18, -z + 6*z - 3*m = 6. Suppose 5*s = -z*l + 1504, -4*l = -s - 2*s + 885. What are the prime factors of s?
13, 23
Suppose 0 = -f - 5*z + 54, 2*f + 0*f - 3*z = 147. Let u = f - 61. Suppose -13*g = -u*g - 90. What are the prime factors of g?
2, 3
Suppose -2389 + 555 = -7*s. Suppose 22*f - 24*f - s = 0. Let w = 258 + f. What are the prime factors of w?
127
Let i(b) = -8*b**2 - 42*b - 141. Let l(q) = 7*q**2 + 42*q + 141. Let z(h) = 5*i(h) + 6*l(h). List the prime factors of z(-29).
5, 11
Let k(i) = -i**3 + 15*i**2 - 7*i + 2. Let n be k(14). Suppose n*r = 107*r - 12887. List the prime factors of r.
7, 263
List the prime factors of (-50 - -57) + 1/(-1)*-14709.
2, 13, 283
Let v(j) = 4886*j - 354. What are the prime factors of v(5)?
2, 13, 463
What are the prime factors of 1*16/48*12174?
2, 2029
Suppose -18*z + 14*z + 10229 = d, -2*z = -5*d + 51123. What are the prime factors of d?
5, 409
Let f(t) = -2*t + 6. Let w be f(-1). Suppose 693 = -c + w*c. List the prime factors of c.
3, 11
Let l = 180 + -128. Suppose 0 = -5*n + 33 + l. Suppose 0 = n*v - 14*v - 39. What are the prime factors of v?
13
Suppose -15 = -3*p - 0*p. Suppose 3*y - p*y - 2*h = -410, -3*y = 2*h - 620. What are the prime factors of y?
2, 3, 5, 7
Let u(p) = -13*p + 35. Let n be u(13). Let j = 252 - n. What are the prime factors of j?
2, 193
Suppose 21*u - 20*u = -4*q + 46805, 3*u + 35115 = 3*q. What are the prime factors of q?
2, 5851
Let k = -533 + 541. What are the prime factors of (-151)/(-4) - (0 + 6/k)?
37
Let d = 221 + -196. Suppose -43*k = -d*k - 17046. List the prime factors of k.
947
Suppose -17*j + 26940 = 5*h - 16*j, 0 = -5*h + 5*j + 26910. List the prime factors of h.
5387
Let d(a) be the third derivative of -11/3*a**3 + 2*a**2 + 0*a + 0 - 13/24*a**4. List the prime factors of d(-9).
5, 19
Suppose 366*r - 605709 = 335*r. What are the prime factors of r?
3, 13, 167
What are the prime factors of 80/(-96) - 95787/(-54)?
3, 197
Let h(l) = 86*l - 784. Let d be h(20). Let o(f) = 3*f**2 - 2*f - 1. Let q be o(-1). List the prime factors of 2/(q/d*4).
3, 13
Let v(q) = 2*q**2 - 3*q. Let t be v(2). Suppose -4 = -552*w + 550*w. List the prime factors of 1 - t - (-83 - w).
2, 3, 7
Let a(x) = -3*x**2 - 5*x + 3. Let f be a(-6). Let y = 1782 - 1604. Let h = f + y. List the prime factors of h.
103
Suppose -4*m + 100718 - 40158 = 0. Suppose 2*z + 18*z = m. List the prime factors of z.
757
Suppose 2*c + 2*c - f = 72, -4*f = -4*c + 72. What are the prime factors of ((-3 - 3) + c)*51?
2, 3, 17
Let t(l) be the third derivative of -181*l**4/24 + 2*l**3/3 + 89*l**2. List the prime factors of t(-1).
5, 37
List the prime factors of -19 + -13 + 35 - 6226/(-1).
6229
Let x = 348 - 340. Suppose x*j = -5*j + 117. What are the prime factors of j?
3
List the prime factors of (-27)/(-3) + -53 + 44633.
3, 89, 167
Let j be 260/(-208)*(-36)/(-15). Let i = -4 - -3. List the prime factors of ((136/j)/i)/(9/27).
2, 17
Let z be (-6)/(1 + 68/(-56)). Suppose -y + z = 3*y - 4*r, y + 5*r = -5. Let u(m) = -m**3 + 7*m**2 - 2. List the prime factors of u(y).
2, 3
Let f(w) = w**3 - w**2 + 3*w - 7. Let d be f(2). Suppose 2*c - 13 = 3*c + d*m, -4*c - 4*m - 12 = 0. Suppose -c*h + 559 = 113. What are the prime factors of h?
223
Suppose g - 3*b = 118, 3*g - 3*b = -2*g + 626. Let s = g + 279. Suppose -3*h - 4*h + s = 0. List the prime factors of h.
2, 29
Suppose 4*h - 16 = -2*l + 8*h, -4*l + h + 4 = 0. Suppose q + 1245 = 2*d, l*d - 5*d - 4*q = -3119. List the prime factors of d.
7, 89
Let t(y) = 7*y + 80. Suppose -4*k + 2*b = -10, -2*k + 12 = 5*b + 1. List the prime factors of t(k).
101
Suppose 0 = 4*y - w + 80694, 4*y - 2*w + 7*w = -80706. What are the prime factors of y/(-55) + (3/15 - 0)?
367
Let h(d) = -2021*d + 981. What are the prime factors of h(-3)?
2, 3, 587
Let l be 307 - ((-4)/(-6))/(8/(-36)). Let o(m) = -5*m + 2. Let j be o(2). What are the prime factors of (-3 - j)*l/25?
2, 31
Suppose 5*m - 66 = -d, 5*d + m = -0*d + 354. Let a = -64 + d. Suppose -f + 243 = 3*o, 5*f = -2*o + 1222 - a. What are the prime factors of f?
3
Let u = -37 - -15. Let y = -20 - u. Suppose -y*k - 1755 = -15*k. What are the prime factors of k?
3, 5
Let l(o) = -10*o**2 + 2*o + 9. Let f = -1 - 0. Let p(d) = -d**2 + d. Let h(j) = f*l(j) + 4*p(j). List the prime factors of h(-4).
79
Suppose 20281 = z - 4*u, -421*z - 40586 = -423*z + 5*u. What are the prime factors of z?
3, 37, 61
Let x(h) = 33 - 4*h - 3*h - 47 - 2*h. Let s = -1 - 13. List the prime factors of x(s).
2, 7
Let t(s) = s**2 + 34*s - 200. Let a be t(-40). Let k = 14 + -8. Let x = a - k. List the prime factors of x.
2, 17
Let f be 3 - (-10)/5*393/2. Suppose 10*w + f = 13*w. Let h = 226 - w. List the prime factors of h.
2, 47
Suppose 30*x - 34*x = -8. What are the prime factors of x/((-6536)/1636 - -4)?
409
Suppose k = 5*o - 69001, 13796 = o + k + 3*k. What are the prime factors of o?
2, 3, 5, 23
Suppose -28 = -9*h + 5*h. Let j = h - -2. Suppose -10*g = -j*g + 2*q - 70, -2*q = 3*g - 210. List the prime factors of g.
2, 5, 7
Suppose -2*s - 6 = -2*i, -8*i - 4*s = -13*i + 12. Suppose i = 9*a - 615 - 1293. What are the prime factors of a?
2, 53
Suppose 5*x - 5*v = 75, 11*v - 13*v + 30 = 3*x. Let y = 2 - 26. List the prime factors of (138/y)/((-3)/x).
23
What are the prime factors of -56*(-410)/20 - 6?
2, 571
Let a(q) = 637*q + 564. List the prime factors of a(3).
3, 5, 11
Let f(l) = 3*l - 3. Let h be f(2). Suppose -h*i - 42 = 3*i. Let o = 57 + i. List the prime factors of o.
2, 5
Suppose 5*p = 6*p - 11*p. Suppose 503 = 2*n + 2*a - 391, p = 4*n - 3*a - 1767. Suppose 7*c + n = 11*c. What are the prime factors of c?
3, 37
Suppose -2 + 8 = -6*l. Suppose 2*a = 4*a - n - 73, -a = -3*n - 34. Let z = a - l. What are the prime factors of z?
2, 19
Let i(z) = 138*z**2 + 128*z + 1582. What are the prime factors of i(-14)?
2, 3, 7, 71
Let m be 11/2 + (-3)/2. Suppose 0 = -l - 3*q + 2*q - 1, 0 = m*l - 3*q - 24. Suppose 2*y = l*h - 175 - 366, 2*h + y = 349. What are the prime factors of h?
3, 59
Suppose -3*f = -33 + 18. Suppose 3*i - 1425 = 3*u + u, -f*i + 3*u + 2386 = 0. What are the prime factors of i?
479
Suppose -2*r + 12*g + 10086 = 14*g, -3*r - 5*g = -15137. List the prime factors of r.
5039
Suppose -11*v + 30 + 14 = 0. Suppose 1356 = v*y - 2*x, -26*y + 21*y = -5*x - 1695. List the prime factors of y.
3, 113
Let f(x) = 9*x**2 + 77*x + 68. Let p be f(35). What are the prime factors of (-2)/5 - p/(-20)?
13, 53
Let b(n) = -n**2 + n + 34. Suppose -4*v + 4 = -2*a, 3*v + 3 = 3*a + 9. Let o be b(v). Suppose -39*h + o*h + 910 = 0. List the prime factors of h.
2, 7, 13
Let m be 8*2*15/48. Let p(k) = 3*k**3 - 5*k**2 - 15*k + 46. List the prime factors of p(m).
13, 17
Suppose 121*d = 174*d - 3382831. What are the prime factors of d?
83, 769
Let d = -13346 + 28024. What are the prime factors of d?
2, 41, 179
Let f = 29 - 25. Suppose 3*w - 19 = s - 4, 0 = -f*w + 2*s + 22. Suppose 0 = w*q - 16 + 4, q + 150 = d. What are the prime factors of d?
3, 17
Let j be -4 + -1 - ((-42)/(-3) - 24). Suppose -j*d + 11 = -9, -851 = -3*k - 5*d. List the prime factors of k.
277
Suppose -108 = 8*o - 11*o. Suppose 3*r - o = -0*r. Suppose 3*t - 91 = -2*i - r, 4*t + i = 107. What are the prime factors of t?
3
Let j = 119 - 81. Suppose -x + 6 = 2*x. List the prime factors of j/4 + (-3)/x.
2
Suppose -4*n - 4*a = -20, -5*n - a + 0*a + 37 = 0. Let i = n - -13. Let j = i - 1. List the prime factors 